t g(l) be the second derivative of 3*l**3/2 + l**2/2 - 3*l. Calculate g(b).
-8
Let v(q) = -13*q**2 - q - q + 24*q**2 - 2 - 21*q**2. Give v(-1).
-10
Let m(s) = -5*s**3 + 4*s**2 + 3*s - 2. Let n(k) = 6*k**3 - 4*k**2 - 2*k + 1. Let u(z) = -5*m(z) - 4*n(z). Give u(5).
-4
Let a(g) = -2*g**3 - 5*g**2 - 6*g - 2. Let m be a(-2). Let t(c) = c**2 - 2. What is t(m)?
34
Let o = -248 - -255. Suppose 3*p - 14 = -5. Let c(d) = -d**3 - 7*d + 8*d**2 - 2 - 2 + 0*d**p. Determine c(o).
-4
Let c(m) be the first derivative of m**2 + 2. Let h be (65/(-15) + 5)*(-237)/2. Let p = h + 83. Calculate c(p).
8
Let l(n) = -14*n - 13*n - 16 - 19*n + 33*n + n**2. What is l(14)?
-2
Let r(f) be the second derivative of f**5/20 - f**4/4 - f**3/3 - 85*f. Determine r(4).
8
Suppose 2*q - 23 = -3*n, -n + 2*q + 9 = -4. Let u(o) = -o**3 + 9*o**2 - 9. What is u(n)?
-9
Suppose 3*z = 2*k + 4, 0 = z - 0*k + 4*k + 8. Let c(l) = l**2 - 4. Let f be c(z). Let y be f/(-12) - (-2)/(-6). Let d(r) = -r. Give d(y).
0
Let o(g) = -2*g + 2 + 3*g + 1. Let d be (5 - 2 - -12)*(-6)/18. Determine o(d).
-2
Let j(w) = 9*w**3 - 2*w**2 + 1. Let i(h) = h**3 + h**2 - 6*h - 7. Let r be i(-2). Give j(r).
8
Let s be (1/3)/((-9)/135). Let x be (3/s)/(5 + (-204)/40). Let z(b) = b**3 - 6*b**2 - 4*b. What is z(x)?
-24
Let k(d) = 7*d + 10. Let v(s) be the third derivative of -s**4/4 - 5*s**3/3 - 14*s**2. Let o be (-4)/12 - (-57)/9. Let x(p) = o*v(p) + 5*k(p). What is x(-6)?
-4
Let z(n) = 2*n**2 + 7*n + 2. Let y(i) = 2*i + 7. Let k be y(-6). Give z(k).
17
Let d(g) = -5*g**3 - 4*g**2 - 4*g - 10. Let s(w) = 4*w**3 + 4*w**2 + 4*w + 9. Let k(b) = b + 5. Let l be k(-2). Let o(c) = l*d(c) + 4*s(c). Determine o(-4).
-10
Let k(g) = -g**2 - g + 5. Let r be k(-4). Let x(b) = -2*b**3 + 9*b**2 - 6*b + 6. Let w(t) = t**3 - t**2 - 1. Let q(i) = 3*w(i) + x(i). What is q(r)?
-4
Let l(n) = n**3 + n**2 - 10. Suppose 0 = -2*z + i + 24, 3*z + 32 = 5*z - 3*i. Let v be 0/((-5 + z)*4/10). Calculate l(v).
-10
Let i be 16/4 + (5 - -2). Let m(h) = -2*h + 22. Give m(i).
0
Suppose 5*z = 2*z - 2*h, 0 = z - h - 5. Let w(t) be the first derivative of 4*t - 4 + 1/2*t**z. Determine w(-5).
-1
Let x(m) be the second derivative of -2*m**3/3 + 5*m**2 + m + 123. What is x(4)?
-6
Let w(n) = -n**3 - 37*n**2 + 76*n - 95. Let t be w(-39). Let m(g) = g + 13. Calculate m(t).
-4
Suppose -2*q = 6*k - 4*k - 14, 4 = -3*k + 2*q. Let h(c) be the second derivative of 6*c + 1/4*c**4 + 0 + 1/6*c**3 + 0*c**k - 1/20*c**5. Give h(3).
3
Let g(n) = -n**2 - n. Let a be (-8)/(-20) + 124/(-10). Let z = a + 12. Suppose z = -7*i + 3*i - 12. Calculate g(i).
-6
Let y(t) = 7*t. Suppose -6*m - 222 = -43*m. Let j(v) = 2*v**2 - 2*v + 1. Let h be j(2). Let g = m - h. What is y(g)?
7
Let f(v) be the first derivative of 2 - 5/2*v**2 + 1/3*v**3 + 4*v. Let k = -5 + 10. Determine f(k).
4
Let l(v) be the second derivative of -v**3/3 + 3*v**2/2 + 3*v. Suppose -42 = -2*r - 30. What is l(r)?
-9
Let z(t) be the first derivative of 3*t**2/2 + 8*t - 156. What is z(-4)?
-4
Suppose -2*o + 13 = 5*v - 16, -2*v - o + 12 = 0. Let l(f) be the first derivative of -1/3*f**3 - 3/2*f**2 + v + f. What is l(-3)?
1
Let b(y) = 9*y**3 + 5*y**2 + 5*y. Let p(r) = 11*r**3 + 5*r**2 + 7*r - 1. Let l(h) = -5*b(h) + 4*p(h). Calculate l(-5).
-19
Let r(x) = -2*x + 1. Suppose -17*v + 4*v = v. Give r(v).
1
Let x(r) = -r**3 + 25*r**2 - 24*r + 11. Suppose -5*i = 5*h - 125, -4*i + h - 23 + 118 = 0. Determine x(i).
11
Let j(c) = -4*c**2 - 1. Let n be 89/(-13) + 7 + 808/(-13). Let z = n + 63. Determine j(z).
-5
Let g(b) = b - 2. Suppose 4*z - 529 = -5*h - 0*z, -h + 5*z + 129 = 0. Let r = 102 - h. Determine g(r).
-9
Let q(k) be the third derivative of -k**5/60 - k**4/3 + k**3/6 + 2*k**2 + 3*k. What is q(-10)?
-19
Let l(y) = -2*y**2 - 2*y - 8. Let g = 121 + -121. Let c be l(g). Let n(i) = i**3 + 7*i**2 - 9*i - 8. Determine n(c).
0
Let u(h) = 5*h**2 - 2*h - 1. Let o = -6 - -5. Let v be u(o). Suppose -4*s = -2*s - v. Let n(m) = -m**2 + 3*m - 1. Determine n(s).
-1
Suppose -4 = 2*f - 3*f. Let g = f - -3. Let s(j) be the first derivative of -j**2/2 + 8*j + 6. Calculate s(g).
1
Let k(l) = -3*l + 5. Let f(m) = m**3 + 53*m**2 + 51*m - 50. Let z be f(-52). Determine k(z).
-1
Let m(k) = -k**3 + 3*k**2 + 2*k + 5. Suppose 9*z - 23 - 31 = 0. Suppose 0 = -4*l + 5*u + z, -2*l - 4*u = -3*u - 10. Give m(l).
-3
Let f(a) = -18*a**2 - 4*a - 7. Let h(b) = 4*b**2 + b + 1. Let w(u) = f(u) + 5*h(u). Let t be 2/4*4/1. What is w(t)?
8
Let p(a) = -a**3 - 6*a**2 - 1. Let s(j) = -j**3 + j**2 - 2*j - 13. Let t be s(0). Let y(k) = k + 7. Let c be y(t). Give p(c).
-1
Let z be (8/20)/((-258)/(-260) + -1). Let i = 46 + z. Let q(k) = -k - 3. Determine q(i).
3
Suppose -3 = 3*v, 3*j - 4*v - 1 = 2*j. Let a(u) = -2 + 5 + 41*u**2 + u - 117*u**2 + 36*u**2 + 42*u**2. Calculate a(j).
18
Suppose -2*f = f + 357. Let m = -120 - f. Let r(x) = -x**3 - x**2 + x + 1. Calculate r(m).
0
Suppose 4*u + u = 120. Suppose 0 = 4*i + 3*z - 0*z + u, 4*i = 5*z + 8. Let s(a) = -a**3 - 2*a**2 - 1 - 3*a + 6*a + 0 + 5. Calculate s(i).
4
Let k(f) = -f**2 - 6 - 3*f**2 + 8*f + 3*f**2. Suppose -503*w - 472 = -562*w. What is k(w)?
-6
Let w(r) = -11*r + 4. Let f(t) = -31*t + 13. Let g(a) = -6*f(a) + 17*w(a). What is g(-10)?
0
Suppose 5*g = 3*o - 6*o + 8, 5*o = 5*g. Suppose -4 = x + g. Let f(w) = w**3 + 11 + 16 - 21 - 3*w + 4*w**2. Calculate f(x).
-4
Suppose -4*b + 27 = -y, 4 = 2*b - 4. Let h(z) = z**3 + 10*z**2 - 10*z - 8. Determine h(y).
-19
Let p(a) = a**2 + 5*a - 76. Let g be p(7). Let m(y) = -2*y**2 + 12*y - 3. Calculate m(g).
-35
Let b(z) = -2*z - 4. Let p be b(-6). Let w be (p/(-16))/(2/20). Let v(o) = 7 - o**2 + 124*o - 129*o + 0*o**2. Give v(w).
7
Let l(a) = -a**2 - 8*a - 11. Let r = -852 + 846. What is l(r)?
1
Suppose 17 = -4*h + 4*j + 81, j = 0. Suppose 0 = 2*l - 6*l + h. Suppose 5*v = -2*t + 18 - 5, 0 = -l*t - 3*v - 9. Let k(w) = 2*w + 8. Calculate k(t).
-4
Let t(y) = -3*y - 9. Let r be (-2)/9 + (-3325)/63. Let x = r - -46. Determine t(x).
12
Let i(o) = -14*o - 7. Let y(v) = -13*v - 5. Let d(r) = -3*i(r) + 4*y(r). Give d(1).
-9
Let p(a) = -8*a. Let u be 1/(-4*(-2)/16). Let w be 12/2 - -3 - u. Suppose -2*b - 1 = 3*c, -c - 4*c + b + w = 0. What is p(c)?
-8
Let j(f) = 4*f - 2. Let y be j(1). Let a(s) = 3 - 3*s**2 - s**3 + 0*s**2 + 0*s**3 - 2*s - y. Calculate a(-2).
1
Suppose 4*j - 4 = -8. Let a(t) = -22*t**2 - 4*t - 13. Let p(o) = 6*o**2 + o + 3. Let q(f) = -2*a(f) - 9*p(f). Calculate q(j).
-10
Let r(b) = -5*b + 4*b**2 - 1 - b + 7*b. Suppose 0 = 5*p + n - 16, -5*p + 2*n + 11 = -2*n. Suppose 2*x - 2 = k, -4*k = p*x - 4 + 1. What is r(x)?
4
Let r be 91/(-26)*8/(-7). Suppose r*f = -38 + 26. Let k(x) = 5*x**2 - 3*x - 1. Let g(n) = -6*n**2 + 4*n + 1. Let s(w) = -4*g(w) - 5*k(w). Determine s(f).
-5
Let y(b) = -3*b + 2. Let p be 24/15 + (-20)/(-50). What is y(p)?
-4
Let k(n) be the first derivative of n**5/60 - n**4/12 - 7*n**3/3 - 17. Let u(c) be the third derivative of k(c). What is u(-4)?
-10
Let q(r) = 2*r + 3. Let t(b) = -6 + 1 - b - b + 3*b. Let k be t(3). Let c be q(k). Let x(o) = 11*o**2 + o + 1. What is x(c)?
11
Let k be 387/(-258) + (-2)/(-2)*2. Let h(n) be the second derivative of k*n**3 - 3*n**2 - 7*n + 0. Give h(5).
9
Let u(q) = 6*q**2 - 46*q - 14. Let w be u(8). Let j(i) be the third derivative of 0 - 1/24*i**4 - w*i**2 + 0*i + 1/3*i**3. Determine j(-4).
6
Let a(d) = -2*d**3 - 3*d**2. Suppose -z = -4*u + 19, -2*u + z + z + 8 = 0. Suppose 0 = 2*l + u*v - 6, -5*l = v - 3 + 11. Calculate a(l).
4
Let z(r) be the third derivative of r**4/24 + 5*r**3/6 + r**2 - 65. Determine z(11).
16
Let s(d) = -4*d + 1. Let n(u) = -u + 4. Let j(q) = q - 6. Let w(k) = -5*j(k) - 8*n(k). Let c(a) = 4*s(a) + 5*w(a). Determine c(-4).
-2
Let l(m) be the first derivative of -2 + 1/2*m**2 + 11*m. What is l(-8)?
3
Let m be -5*1*8/(-20). Suppose -2*v + 19 - 4 = 3*a, -5*a + 5*v = 0. Let c(s) = 2 - 2*s**2 + 0*s + 0*s**2 + 2*s**a - 3*s. Give c(m).
4
Suppose -4*b = -o - 4, -3 = b - 4*b + 4*o. Suppose 0 = -2*n + 9 + b. Suppose 0 = 3*g - n*t - 22, g + 5 = -2*t - 6. Let w(p) = -2*p + 1. What is w(g)?
3
Let n(t) = 2*t - 8. Let k be n(6). Let l(f) = -492 - 469 + 955 + 2*f. Determine l(k).
2
Let m(c) = -c**3 + 8*c**2 - 11*c + 1. Let n be m(2). Let q(l) = -l**2 - 2*l + 15. Determine q(n).
0
Let q(n) = -21*n**2 + 1 + 2*n + 0*